{"id":214,"date":"2019-06-27T14:38:06","date_gmt":"2019-06-27T14:38:06","guid":{"rendered":"https:\/\/gpsites.co\/niche\/?page_id=214"},"modified":"2025-02-15T13:54:17","modified_gmt":"2025-02-15T13:54:17","slug":"landing-page","status":"publish","type":"page","link":"https:\/\/tyverisikring.bikebrothers.no\/","title":{"rendered":""},"content":{"rendered":"<div class=\"wp-block-columns is-layout-flex wp-container-core-columns-is-layout-9d6595d7 wp-block-columns-is-layout-flex\"><div class=\"wp-block-column is-layout-flow wp-block-column-is-layout-flow\"><h1 class=\"wp-block-heading\">Tyverisikring av sykler<\/h1>\n\n<p>Bike Brothers&#8217; guide til sikker sykkelparkering<\/p>\n\n<hr class=\"wp-block-separator has-css-opacity is-style-wide\"\/>\n\n<p>Sykkeltyveri er trolig den formen for kriminalitet som nordmenn oftest har erfaring med. Hvert \u00e5r rapporteres 15&nbsp;000 sykkeltyverier, og m\u00f8rketallene er sannsynligvis h\u00f8ye. Etter hvert som populariteten til elsykler og andre dyre sykkelmodeller har \u00f8kt, har tyverisikring av sykler blitt noe de fleste av oss b\u00f8r ha et reflektert forhold til.<\/p>\n\n<p>P\u00e5 denne siden vil vi oppsummere v\u00e5r \u00e5relange erfaring og ekspertise p\u00e5 omr\u00e5det, s\u00e5 du kan ta informerte valg om hvordan \u00e5 best sikre deg mot sykkeltyveri.<\/p>\n\n<div class=\"wp-block-button alignleft\"><a class=\"wp-block-button__link wp-element-button\" href=\"https:\/\/gpsites.co\/niche\/shop\/\">Go SHOP<\/a><\/div><\/div>\n\n<div class=\"wp-block-column is-layout-flow wp-block-column-is-layout-flow\"><\/div><\/div><div style=\"height:40px\" aria-hidden=\"true\" class=\"wp-block-spacer\"><\/div><h3 class=\"wp-block-heading has-text-align-left\">Kategorier<\/h3><div class=\"woocommerce columns-3\"><ul class=\"products columns-3\">\n<li class=\"product-category product first\">\n\t<a aria-label=\"Bes\u00f8k produktkategori FG godkjent sykkell\u00e5s\" href=\"https:\/\/tyverisikring.bikebrothers.no\/?product_cat=fg-godkjent-sykkellas\"><img loading=\"lazy\" decoding=\"async\" src=\"https:\/\/tyverisikring.bikebrothers.no\/wp-content\/uploads\/2025\/02\/FG-godkjent-sykkellas-400x400.jpg\" alt=\"FG godkjent sykkell\u00e5s\" width=\"400\" height=\"400\" srcset=\"https:\/\/tyverisikring.bikebrothers.no\/wp-content\/uploads\/2025\/02\/FG-godkjent-sykkellas-400x400.jpg 400w, https:\/\/tyverisikring.bikebrothers.no\/wp-content\/uploads\/2025\/02\/FG-godkjent-sykkellas-150x150.jpg 150w, https:\/\/tyverisikring.bikebrothers.no\/wp-content\/uploads\/2025\/02\/FG-godkjent-sykkellas-100x100.jpg 100w\" sizes=\"auto, (max-width: 400px) 100vw, 400px\" \/>\t\t<h2 class=\"woocommerce-loop-category__title\">\n\t\t\tFG godkjent sykkell\u00e5s <mark class=\"count\">(5)<\/mark>\t\t<\/h2>\n\t\t<\/a><\/li>\n<\/ul>\n<\/div><h3 class=\"wp-block-heading has-text-align-left\">Produkter<\/h3><div style=\"height:20px\" aria-hidden=\"true\" class=\"wp-block-spacer\"><\/div><div class=\"woocommerce columns-4 \"><ul class=\"products columns-4\">\n<li class=\"sales-flash-overlay woocommerce-text-align-left woocommerce-image-align-center do-quantity-buttons product type-product post-772 status-publish first instock product_cat-fg-godkjent-sykkellas product_tag-sikkerhetsniva-15 has-post-thumbnail shipping-taxable purchasable product-type-simple\">\n\t<a href=\"https:\/\/tyverisikring.bikebrothers.no\/?product=abus-bordo-6500k-120-cm\" class=\"woocommerce-LoopProduct-link woocommerce-loop-product__link\"><img loading=\"lazy\" decoding=\"async\" width=\"400\" height=\"400\" src=\"https:\/\/tyverisikring.bikebrothers.no\/wp-content\/uploads\/2025\/02\/Abus-Bordo-Granit-6500K-120-cm-400x400.jpg\" class=\"attachment-woocommerce_thumbnail size-woocommerce_thumbnail\" alt=\"foldbar l\u00e5s med tykke stengene i spesielt herdet st\u00e5l\" srcset=\"https:\/\/tyverisikring.bikebrothers.no\/wp-content\/uploads\/2025\/02\/Abus-Bordo-Granit-6500K-120-cm-400x400.jpg 400w, https:\/\/tyverisikring.bikebrothers.no\/wp-content\/uploads\/2025\/02\/Abus-Bordo-Granit-6500K-120-cm-300x300.jpg 300w, https:\/\/tyverisikring.bikebrothers.no\/wp-content\/uploads\/2025\/02\/Abus-Bordo-Granit-6500K-120-cm-150x150.jpg 150w, https:\/\/tyverisikring.bikebrothers.no\/wp-content\/uploads\/2025\/02\/Abus-Bordo-Granit-6500K-120-cm-768x768.jpg 768w, https:\/\/tyverisikring.bikebrothers.no\/wp-content\/uploads\/2025\/02\/Abus-Bordo-Granit-6500K-120-cm-600x600.jpg 600w, https:\/\/tyverisikring.bikebrothers.no\/wp-content\/uploads\/2025\/02\/Abus-Bordo-Granit-6500K-120-cm-100x100.jpg 100w, https:\/\/tyverisikring.bikebrothers.no\/wp-content\/uploads\/2025\/02\/Abus-Bordo-Granit-6500K-120-cm.jpg 800w\" sizes=\"auto, (max-width: 400px) 100vw, 400px\" \/><h2 class=\"woocommerce-loop-product__title\">Abus Bordo 6500K 120 cm<\/h2><div class=\"star-rating\" title=\"Ikke vurdert enn\u00e5\"><span style=\"width:0%\"><strong class=\"rating\">0<\/strong> av 5<\/span><\/div>\n\t<span class=\"price\"><span class=\"woocommerce-Price-amount amount\"><bdi><span class=\"woocommerce-Price-currencySymbol\">&#107;&#114;<\/span>&nbsp;2319,00<\/bdi><\/span><\/span>\n<\/a><a href=\"?add-to-cart=772\" aria-describedby=\"woocommerce_loop_add_to_cart_link_describedby_772\" data-quantity=\"1\" class=\"button product_type_simple add_to_cart_button ajax_add_to_cart\" data-product_id=\"772\" data-product_sku=\"\" aria-label=\"Legg i handlekurv: \u00abAbus Bordo 6500K 120 cm\u00bb\" rel=\"nofollow\" data-success_message=\"\u00abAbus Bordo 6500K 120 cm\u00bb ble lagt til i handlekurven\" data-product_name=\"Abus Bordo 6500K 120 cm\" data-price=\"2319\">Legg i handlekurv<\/a>\t<span id=\"woocommerce_loop_add_to_cart_link_describedby_772\" class=\"screen-reader-text\">\n\t\t\t<\/span>\n<\/li>\n<li class=\"sales-flash-overlay woocommerce-text-align-left woocommerce-image-align-center do-quantity-buttons product type-product post-781 status-publish instock product_cat-fg-godkjent-sykkellas product_tag-sikkerhetsniva-12 has-post-thumbnail shipping-taxable purchasable product-type-simple\">\n\t<a href=\"https:\/\/tyverisikring.bikebrothers.no\/?product=abus-citychain-1010-140cm\" class=\"woocommerce-LoopProduct-link woocommerce-loop-product__link\"><img loading=\"lazy\" decoding=\"async\" width=\"400\" height=\"400\" src=\"https:\/\/tyverisikring.bikebrothers.no\/wp-content\/uploads\/2025\/02\/Abus-CityChain-1010-140cm-400x400.png\" class=\"attachment-woocommerce_thumbnail size-woocommerce_thumbnail\" alt=\"\" srcset=\"https:\/\/tyverisikring.bikebrothers.no\/wp-content\/uploads\/2025\/02\/Abus-CityChain-1010-140cm-400x400.png 400w, https:\/\/tyverisikring.bikebrothers.no\/wp-content\/uploads\/2025\/02\/Abus-CityChain-1010-140cm-300x300.png 300w, https:\/\/tyverisikring.bikebrothers.no\/wp-content\/uploads\/2025\/02\/Abus-CityChain-1010-140cm-150x150.png 150w, https:\/\/tyverisikring.bikebrothers.no\/wp-content\/uploads\/2025\/02\/Abus-CityChain-1010-140cm-768x768.png 768w, https:\/\/tyverisikring.bikebrothers.no\/wp-content\/uploads\/2025\/02\/Abus-CityChain-1010-140cm-600x600.png 600w, https:\/\/tyverisikring.bikebrothers.no\/wp-content\/uploads\/2025\/02\/Abus-CityChain-1010-140cm-100x100.png 100w, https:\/\/tyverisikring.bikebrothers.no\/wp-content\/uploads\/2025\/02\/Abus-CityChain-1010-140cm.png 800w\" sizes=\"auto, (max-width: 400px) 100vw, 400px\" \/><h2 class=\"woocommerce-loop-product__title\">Abus CityChain 1010 140cm<\/h2><div class=\"star-rating\" title=\"Ikke vurdert enn\u00e5\"><span style=\"width:0%\"><strong class=\"rating\">0<\/strong> av 5<\/span><\/div>\n\t<span class=\"price\"><span class=\"woocommerce-Price-amount amount\"><bdi><span class=\"woocommerce-Price-currencySymbol\">&#107;&#114;<\/span>&nbsp;2019,00<\/bdi><\/span><\/span>\n<\/a><a href=\"?add-to-cart=781\" aria-describedby=\"woocommerce_loop_add_to_cart_link_describedby_781\" data-quantity=\"1\" class=\"button product_type_simple add_to_cart_button ajax_add_to_cart\" data-product_id=\"781\" data-product_sku=\"\" aria-label=\"Legg i handlekurv: \u00abAbus CityChain 1010 140cm\u00bb\" rel=\"nofollow\" data-success_message=\"\u00abAbus CityChain 1010 140cm\u00bb ble lagt til i handlekurven\" data-product_name=\"Abus CityChain 1010 140cm\" data-price=\"2019\">Legg i handlekurv<\/a>\t<span id=\"woocommerce_loop_add_to_cart_link_describedby_781\" class=\"screen-reader-text\">\n\t\t\t<\/span>\n<\/li>\n<li class=\"sales-flash-overlay woocommerce-text-align-left woocommerce-image-align-center do-quantity-buttons product type-product post-786 status-publish instock product_cat-fg-godkjent-sykkellas product_tag-sikkerhetsniva-12 has-post-thumbnail shipping-taxable purchasable product-type-simple\">\n\t<a href=\"https:\/\/tyverisikring.bikebrothers.no\/?product=abus-citychain-1010-170cm\" class=\"woocommerce-LoopProduct-link woocommerce-loop-product__link\"><img loading=\"lazy\" decoding=\"async\" width=\"400\" height=\"400\" src=\"https:\/\/tyverisikring.bikebrothers.no\/wp-content\/uploads\/2025\/02\/Abus-CityChain-1010-170cm-400x400.png\" class=\"attachment-woocommerce_thumbnail size-woocommerce_thumbnail\" alt=\"ekstra lang kjettingl\u00e5s fra abus. Lengden er 170 cm, L\u00e5s er FG godkjent\" srcset=\"https:\/\/tyverisikring.bikebrothers.no\/wp-content\/uploads\/2025\/02\/Abus-CityChain-1010-170cm-400x400.png 400w, https:\/\/tyverisikring.bikebrothers.no\/wp-content\/uploads\/2025\/02\/Abus-CityChain-1010-170cm-300x300.png 300w, https:\/\/tyverisikring.bikebrothers.no\/wp-content\/uploads\/2025\/02\/Abus-CityChain-1010-170cm-150x150.png 150w, https:\/\/tyverisikring.bikebrothers.no\/wp-content\/uploads\/2025\/02\/Abus-CityChain-1010-170cm-768x768.png 768w, https:\/\/tyverisikring.bikebrothers.no\/wp-content\/uploads\/2025\/02\/Abus-CityChain-1010-170cm-600x600.png 600w, https:\/\/tyverisikring.bikebrothers.no\/wp-content\/uploads\/2025\/02\/Abus-CityChain-1010-170cm-100x100.png 100w, https:\/\/tyverisikring.bikebrothers.no\/wp-content\/uploads\/2025\/02\/Abus-CityChain-1010-170cm.png 800w\" sizes=\"auto, (max-width: 400px) 100vw, 400px\" \/><h2 class=\"woocommerce-loop-product__title\">Abus CityChain 1010 170cm<\/h2><div class=\"star-rating\" title=\"Ikke vurdert enn\u00e5\"><span style=\"width:0%\"><strong class=\"rating\">0<\/strong> av 5<\/span><\/div>\n\t<span class=\"price\"><span class=\"woocommerce-Price-amount amount\"><bdi><span class=\"woocommerce-Price-currencySymbol\">&#107;&#114;<\/span>&nbsp;2169,00<\/bdi><\/span><\/span>\n<\/a><a href=\"?add-to-cart=786\" aria-describedby=\"woocommerce_loop_add_to_cart_link_describedby_786\" data-quantity=\"1\" class=\"button product_type_simple add_to_cart_button ajax_add_to_cart\" data-product_id=\"786\" data-product_sku=\"\" aria-label=\"Legg i handlekurv: \u00abAbus CityChain 1010 170cm\u00bb\" rel=\"nofollow\" data-success_message=\"\u00abAbus CityChain 1010 170cm\u00bb ble lagt til i handlekurven\" data-product_name=\"Abus CityChain 1010 170cm\" data-price=\"2169\">Legg i handlekurv<\/a>\t<span id=\"woocommerce_loop_add_to_cart_link_describedby_786\" class=\"screen-reader-text\">\n\t\t\t<\/span>\n<\/li>\n<li class=\"sales-flash-overlay woocommerce-text-align-left woocommerce-image-align-center do-quantity-buttons product type-product post-769 status-publish last instock product_cat-fg-godkjent-sykkellas product_tag-sikkerhetsniva-11 has-post-thumbnail shipping-taxable purchasable product-type-simple\">\n\t<a href=\"https:\/\/tyverisikring.bikebrothers.no\/?product=abus-steel-o-chain-9808k\" class=\"woocommerce-LoopProduct-link woocommerce-loop-product__link\"><img loading=\"lazy\" decoding=\"async\" width=\"400\" height=\"400\" src=\"https:\/\/tyverisikring.bikebrothers.no\/wp-content\/uploads\/2025\/02\/abus-steel-o-chain-9808K-85cm-400x400.jpg\" class=\"attachment-woocommerce_thumbnail size-woocommerce_thumbnail\" alt=\"kjetting l\u00e5s fra Abus som er FG godkjent\" srcset=\"https:\/\/tyverisikring.bikebrothers.no\/wp-content\/uploads\/2025\/02\/abus-steel-o-chain-9808K-85cm-400x400.jpg 400w, https:\/\/tyverisikring.bikebrothers.no\/wp-content\/uploads\/2025\/02\/abus-steel-o-chain-9808K-85cm-300x300.jpg 300w, https:\/\/tyverisikring.bikebrothers.no\/wp-content\/uploads\/2025\/02\/abus-steel-o-chain-9808K-85cm-150x150.jpg 150w, https:\/\/tyverisikring.bikebrothers.no\/wp-content\/uploads\/2025\/02\/abus-steel-o-chain-9808K-85cm-768x768.jpg 768w, https:\/\/tyverisikring.bikebrothers.no\/wp-content\/uploads\/2025\/02\/abus-steel-o-chain-9808K-85cm-600x600.jpg 600w, https:\/\/tyverisikring.bikebrothers.no\/wp-content\/uploads\/2025\/02\/abus-steel-o-chain-9808K-85cm-100x100.jpg 100w, https:\/\/tyverisikring.bikebrothers.no\/wp-content\/uploads\/2025\/02\/abus-steel-o-chain-9808K-85cm.jpg 800w\" sizes=\"auto, (max-width: 400px) 100vw, 400px\" \/><h2 class=\"woocommerce-loop-product__title\">Abus Steel O Chain 9808K 85cm<\/h2><div class=\"star-rating\" title=\"Ikke vurdert enn\u00e5\"><span style=\"width:0%\"><strong class=\"rating\">0<\/strong> av 5<\/span><\/div>\n\t<span class=\"price\"><span class=\"woocommerce-Price-amount amount\"><bdi><span class=\"woocommerce-Price-currencySymbol\">&#107;&#114;<\/span>&nbsp;1399,00<\/bdi><\/span><\/span>\n<\/a><a href=\"?add-to-cart=769\" aria-describedby=\"woocommerce_loop_add_to_cart_link_describedby_769\" data-quantity=\"1\" class=\"button product_type_simple add_to_cart_button ajax_add_to_cart\" data-product_id=\"769\" data-product_sku=\"\" aria-label=\"Legg i handlekurv: \u00abAbus Steel O Chain 9808K 85cm\u00bb\" rel=\"nofollow\" data-success_message=\"\u00abAbus Steel O Chain 9808K 85cm\u00bb ble lagt til i handlekurven\" data-product_name=\"Abus Steel O Chain 9808K 85cm\" data-price=\"1399\">Legg i handlekurv<\/a>\t<span id=\"woocommerce_loop_add_to_cart_link_describedby_769\" class=\"screen-reader-text\">\n\t\t\t<\/span>\n<\/li>\n<\/ul>\n<\/div>","protected":false},"excerpt":{"rendered":"<p>Tyverisikring av sykler Bike Brothers&#8217; guide til sikker sykkelparkering Sykkeltyveri er trolig den formen for kriminalitet som nordmenn oftest har erfaring med. Hvert \u00e5r rapporteres 15&nbsp;000 sykkeltyverier, og m\u00f8rketallene er sannsynligvis h\u00f8ye. Etter hvert som &#8230; <\/p>\n<p class=\"read-more-container\"><a title=\"\" class=\"read-more button\" href=\"https:\/\/tyverisikring.bikebrothers.no\/#more-214\" aria-label=\"Read more about \">Les mer<\/a><\/p>\n","protected":false},"author":2,"featured_media":0,"parent":0,"menu_order":0,"comment_status":"closed","ping_status":"closed","template":"","meta":{"footnotes":""},"class_list":["post-214","page","type-page","status-publish"],"jetpack_sharing_enabled":true,"_links":{"self":[{"href":"https:\/\/tyverisikring.bikebrothers.no\/index.php?rest_route=\/wp\/v2\/pages\/214","targetHints":{"allow":["GET"]}}],"collection":[{"href":"https:\/\/tyverisikring.bikebrothers.no\/index.php?rest_route=\/wp\/v2\/pages"}],"about":[{"href":"https:\/\/tyverisikring.bikebrothers.no\/index.php?rest_route=\/wp\/v2\/types\/page"}],"author":[{"embeddable":true,"href":"https:\/\/tyverisikring.bikebrothers.no\/index.php?rest_route=\/wp\/v2\/users\/2"}],"replies":[{"embeddable":true,"href":"https:\/\/tyverisikring.bikebrothers.no\/index.php?rest_route=%2Fwp%2Fv2%2Fcomments&post=214"}],"version-history":[{"count":6,"href":"https:\/\/tyverisikring.bikebrothers.no\/index.php?rest_route=\/wp\/v2\/pages\/214\/revisions"}],"predecessor-version":[{"id":791,"href":"https:\/\/tyverisikring.bikebrothers.no\/index.php?rest_route=\/wp\/v2\/pages\/214\/revisions\/791"}],"wp:attachment":[{"href":"https:\/\/tyverisikring.bikebrothers.no\/index.php?rest_route=%2Fwp%2Fv2%2Fmedia&parent=214"}],"curies":[{"name":"wp","href":"https:\/\/api.w.org\/{rel}","templated":true}]}}